{"id":4603,"date":"2019-02-01T16:12:05","date_gmt":"2019-02-01T16:12:05","guid":{"rendered":"https:\/\/www.antillia.be\/blog\/?page_id=4603"},"modified":"2020-11-24T00:06:45","modified_gmt":"2020-11-23T23:06:45","slug":"1989-manu-ruys","status":"publish","type":"page","link":"https:\/\/www.antillia.be\/blog\/de-zingende-ziel-der-dingen\/getuigenissen-over-nand-en-sim\/1962-1990-a-charge-et-a-decharge\/1989-manu-ruys\/","title":{"rendered":"1989 Manu Ruys"},"content":{"rendered":"<p>Brief van <span style=\"color: #0000ff;\"><a href=\"https:\/\/nl.wikipedia.org\/wiki\/Manu_Ruys\" target=\"_blank\" rel=\"noopener noreferrer nofollow\"><span style=\"color: #0000ff;\">Manu Ruys<\/span><\/a>\u00a0<span style=\"color: #000000;\">(1924-2017) aan Sim nav haar bedankingskaartje aan hem bij\u00a0 het overlijden van Nand:<\/span><\/span><\/p>\n<p><a href=\"https:\/\/www.antillia.be\/blog\/wp-content\/uploads\/2020\/11\/Manu-2.jpg\"><img decoding=\"async\" class=\"alignnone  wp-image-9669 zoooom\" src=\"https:\/\/www.antillia.be\/blog\/wp-content\/uploads\/2020\/11\/Manu-2-212x300.jpg\" alt=\"\" width=\"250\" height=\"354\" srcset=\"https:\/\/www.antillia.be\/blog\/wp-content\/uploads\/2020\/11\/Manu-2-212x300.jpg 212w, https:\/\/www.antillia.be\/blog\/wp-content\/uploads\/2020\/11\/Manu-2-724x1024.jpg 724w, https:\/\/www.antillia.be\/blog\/wp-content\/uploads\/2020\/11\/Manu-2-768x1086.jpg 768w, https:\/\/www.antillia.be\/blog\/wp-content\/uploads\/2020\/11\/Manu-2.jpg 992w\" sizes=\"(max-width: 250px) 100vw, 250px\" \/><\/a><\/p>\n<p>15.07.89<br \/>\n<em>Ik dank u zeer hartelijk voor uw kaartje en voor de verzenbundel.<br \/>\nHet heeft mij diep ontroerd.<\/em><br \/>\n<em>Ik hoorde uw man voor het eerst &#8211; ik was toen nog een scholier &#8211; toen hij in 1941 een voordracht hield in Antwerpen. Ik ben die ochtend aan de Minderbroedersrui (*) nooit meer vergeten. Later mocht ik hem nog een paar keer ontmoeten. Op 13 maart 1973 bood hij me een exemplaar van &#8220;De Geuzenpenning&#8221; aan, met een vererende opdracht. Het kreeg een plaats naast de andere boeken die ik van hem bezit. Ik ben zo blij dat u mij nu &#8220;De Zeven Zee\u00ebn&#8221; toestuurt.<\/em><br \/>\n<em>Wij wonen vlak aan het strand, in onafgebroken voeling met de zee. Mocht u ooit in Zeebrugge komen, klop dan aan. Dat zou ons groot genoegen doen.<\/em><\/p>\n<p>(*) Waarschijnlijk wordt hier het &#8220;<a href=\"https:\/\/inventaris.onroerenderfgoed.be\/erfgoedobjecten\/5551\" target=\"_blank\" rel=\"noopener noreferrer nofollow\">Huis De Beuckelaer<\/a>&#8221; bedoeld, waar nu het Letterenhuis is gehuisvest.<\/p>\n","protected":false},"excerpt":{"rendered":"<p>Brief van Manu Ruys\u00a0(1924-2017) aan Sim nav haar bedankingskaartje aan hem bij\u00a0 het overlijden van Nand: 15.07.89 Ik dank u zeer hartelijk voor uw kaartje en voor de verzenbundel. Het heeft mij diep ontroerd. Ik hoorde uw man voor het eerst &#8211; ik was toen nog een scholier &#8211; toen hij in 1941 een voordracht &hellip; <\/p>\n<p class=\"link-more\"><a href=\"https:\/\/www.antillia.be\/blog\/de-zingende-ziel-der-dingen\/getuigenissen-over-nand-en-sim\/1962-1990-a-charge-et-a-decharge\/1989-manu-ruys\/\" class=\"more-link\">Lees verder <span class=\"screen-reader-text\">&#8220;1989 Manu Ruys&#8221;<\/span><\/a><\/p>\n","protected":false},"author":1,"featured_media":0,"parent":1978,"menu_order":270,"comment_status":"open","ping_status":"closed","template":"","meta":{"footnotes":""},"class_list":["post-4603","page","type-page","status-publish","hentry"],"yoast_head":"<!-- This site is optimized with the Yoast SEO plugin v27.5 - https:\/\/yoast.com\/product\/yoast-seo-wordpress\/ -->\n<title>1989 Manu Ruys - Raratonga<\/title>\n<meta name=\"robots\" content=\"index, follow, max-snippet:-1, max-image-preview:large, max-video-preview:-1\" \/>\n<link rel=\"canonical\" href=\"https:\/\/www.antillia.be\/blog\/de-zingende-ziel-der-dingen\/getuigenissen-over-nand-en-sim\/1962-1990-a-charge-et-a-decharge\/1989-manu-ruys\/\" \/>\n<meta property=\"og:locale\" content=\"nl_NL\" \/>\n<meta property=\"og:type\" content=\"article\" \/>\n<meta property=\"og:title\" content=\"1989 Manu Ruys - Raratonga\" \/>\n<meta property=\"og:description\" content=\"Brief van Manu Ruys\u00a0(1924-2017) aan Sim nav haar bedankingskaartje aan hem bij\u00a0 het overlijden van Nand: 15.07.89 Ik dank u zeer hartelijk voor uw kaartje en voor de verzenbundel. Het heeft mij diep ontroerd. Ik hoorde uw man voor het eerst &#8211; ik was toen nog een scholier &#8211; toen hij in 1941 een voordracht &hellip; Lees verder &quot;1989 Manu Ruys&quot;\" \/>\n<meta property=\"og:url\" content=\"https:\/\/www.antillia.be\/blog\/de-zingende-ziel-der-dingen\/getuigenissen-over-nand-en-sim\/1962-1990-a-charge-et-a-decharge\/1989-manu-ruys\/\" \/>\n<meta property=\"og:site_name\" content=\"Raratonga\" \/>\n<meta property=\"article:modified_time\" content=\"2020-11-23T23:06:45+00:00\" \/>\n<meta property=\"og:image\" content=\"https:\/\/www.antillia.be\/blog\/wp-content\/uploads\/2020\/11\/Manu-2-212x300.jpg\" \/>\n<meta name=\"twitter:card\" content=\"summary_large_image\" \/>\n<meta name=\"twitter:label1\" content=\"Geschatte leestijd\" \/>\n\t<meta name=\"twitter:data1\" content=\"1 minuut\" \/>\n<script type=\"application\/ld+json\" class=\"yoast-schema-graph\">{\"@context\":\"https:\\\/\\\/schema.org\",\"@graph\":[{\"@type\":\"WebPage\",\"@id\":\"https:\\\/\\\/www.antillia.be\\\/blog\\\/de-zingende-ziel-der-dingen\\\/getuigenissen-over-nand-en-sim\\\/1962-1990-a-charge-et-a-decharge\\\/1989-manu-ruys\\\/\",\"url\":\"https:\\\/\\\/www.antillia.be\\\/blog\\\/de-zingende-ziel-der-dingen\\\/getuigenissen-over-nand-en-sim\\\/1962-1990-a-charge-et-a-decharge\\\/1989-manu-ruys\\\/\",\"name\":\"1989 Manu Ruys - Raratonga\",\"isPartOf\":{\"@id\":\"https:\\\/\\\/www.antillia.be\\\/blog\\\/#website\"},\"primaryImageOfPage\":{\"@id\":\"https:\\\/\\\/www.antillia.be\\\/blog\\\/de-zingende-ziel-der-dingen\\\/getuigenissen-over-nand-en-sim\\\/1962-1990-a-charge-et-a-decharge\\\/1989-manu-ruys\\\/#primaryimage\"},\"image\":{\"@id\":\"https:\\\/\\\/www.antillia.be\\\/blog\\\/de-zingende-ziel-der-dingen\\\/getuigenissen-over-nand-en-sim\\\/1962-1990-a-charge-et-a-decharge\\\/1989-manu-ruys\\\/#primaryimage\"},\"thumbnailUrl\":\"https:\\\/\\\/www.antillia.be\\\/blog\\\/wp-content\\\/uploads\\\/2020\\\/11\\\/Manu-2-212x300.jpg\",\"datePublished\":\"2019-02-01T16:12:05+00:00\",\"dateModified\":\"2020-11-23T23:06:45+00:00\",\"breadcrumb\":{\"@id\":\"https:\\\/\\\/www.antillia.be\\\/blog\\\/de-zingende-ziel-der-dingen\\\/getuigenissen-over-nand-en-sim\\\/1962-1990-a-charge-et-a-decharge\\\/1989-manu-ruys\\\/#breadcrumb\"},\"inLanguage\":\"nl-NL\",\"potentialAction\":[{\"@type\":\"ReadAction\",\"target\":[\"https:\\\/\\\/www.antillia.be\\\/blog\\\/de-zingende-ziel-der-dingen\\\/getuigenissen-over-nand-en-sim\\\/1962-1990-a-charge-et-a-decharge\\\/1989-manu-ruys\\\/\"]}]},{\"@type\":\"ImageObject\",\"inLanguage\":\"nl-NL\",\"@id\":\"https:\\\/\\\/www.antillia.be\\\/blog\\\/de-zingende-ziel-der-dingen\\\/getuigenissen-over-nand-en-sim\\\/1962-1990-a-charge-et-a-decharge\\\/1989-manu-ruys\\\/#primaryimage\",\"url\":\"https:\\\/\\\/www.antillia.be\\\/blog\\\/wp-content\\\/uploads\\\/2020\\\/11\\\/Manu-2.jpg\",\"contentUrl\":\"https:\\\/\\\/www.antillia.be\\\/blog\\\/wp-content\\\/uploads\\\/2020\\\/11\\\/Manu-2.jpg\",\"width\":992,\"height\":1403},{\"@type\":\"BreadcrumbList\",\"@id\":\"https:\\\/\\\/www.antillia.be\\\/blog\\\/de-zingende-ziel-der-dingen\\\/getuigenissen-over-nand-en-sim\\\/1962-1990-a-charge-et-a-decharge\\\/1989-manu-ruys\\\/#breadcrumb\",\"itemListElement\":[{\"@type\":\"ListItem\",\"position\":1,\"name\":\"Home\",\"item\":\"https:\\\/\\\/www.antillia.be\\\/blog\\\/\"},{\"@type\":\"ListItem\",\"position\":2,\"name\":\"De Zingende Ziel der Dingen\",\"item\":\"https:\\\/\\\/www.antillia.be\\\/blog\\\/de-zingende-ziel-der-dingen\\\/\"},{\"@type\":\"ListItem\",\"position\":3,\"name\":\"Getuigenissen over Nand en Sim\",\"item\":\"https:\\\/\\\/www.antillia.be\\\/blog\\\/de-zingende-ziel-der-dingen\\\/getuigenissen-over-nand-en-sim\\\/\"},{\"@type\":\"ListItem\",\"position\":4,\"name\":\"1906 -2019 over Nand: &#8220;\u00e0 charge et \u00e0 d\u00e9charge&#8221;&#8230;\",\"item\":\"https:\\\/\\\/www.antillia.be\\\/blog\\\/de-zingende-ziel-der-dingen\\\/getuigenissen-over-nand-en-sim\\\/1962-1990-a-charge-et-a-decharge\\\/\"},{\"@type\":\"ListItem\",\"position\":5,\"name\":\"1989 Manu Ruys\"}]},{\"@type\":\"WebSite\",\"@id\":\"https:\\\/\\\/www.antillia.be\\\/blog\\\/#website\",\"url\":\"https:\\\/\\\/www.antillia.be\\\/blog\\\/\",\"name\":\"Raratonga\",\"description\":\"Biografie van een liefde\",\"potentialAction\":[{\"@type\":\"SearchAction\",\"target\":{\"@type\":\"EntryPoint\",\"urlTemplate\":\"https:\\\/\\\/www.antillia.be\\\/blog\\\/?s={search_term_string}\"},\"query-input\":{\"@type\":\"PropertyValueSpecification\",\"valueRequired\":true,\"valueName\":\"search_term_string\"}}],\"inLanguage\":\"nl-NL\"}]}<\/script>\n<!-- \/ Yoast SEO plugin. -->","yoast_head_json":{"title":"1989 Manu Ruys - Raratonga","robots":{"index":"index","follow":"follow","max-snippet":"max-snippet:-1","max-image-preview":"max-image-preview:large","max-video-preview":"max-video-preview:-1"},"canonical":"https:\/\/www.antillia.be\/blog\/de-zingende-ziel-der-dingen\/getuigenissen-over-nand-en-sim\/1962-1990-a-charge-et-a-decharge\/1989-manu-ruys\/","og_locale":"nl_NL","og_type":"article","og_title":"1989 Manu Ruys - Raratonga","og_description":"Brief van Manu Ruys\u00a0(1924-2017) aan Sim nav haar bedankingskaartje aan hem bij\u00a0 het overlijden van Nand: 15.07.89 Ik dank u zeer hartelijk voor uw kaartje en voor de verzenbundel. Het heeft mij diep ontroerd. Ik hoorde uw man voor het eerst &#8211; ik was toen nog een scholier &#8211; toen hij in 1941 een voordracht &hellip; Lees verder \"1989 Manu Ruys\"","og_url":"https:\/\/www.antillia.be\/blog\/de-zingende-ziel-der-dingen\/getuigenissen-over-nand-en-sim\/1962-1990-a-charge-et-a-decharge\/1989-manu-ruys\/","og_site_name":"Raratonga","article_modified_time":"2020-11-23T23:06:45+00:00","og_image":[{"url":"https:\/\/www.antillia.be\/blog\/wp-content\/uploads\/2020\/11\/Manu-2-212x300.jpg","type":"","width":"","height":""}],"twitter_card":"summary_large_image","twitter_misc":{"Geschatte leestijd":"1 minuut"},"schema":{"@context":"https:\/\/schema.org","@graph":[{"@type":"WebPage","@id":"https:\/\/www.antillia.be\/blog\/de-zingende-ziel-der-dingen\/getuigenissen-over-nand-en-sim\/1962-1990-a-charge-et-a-decharge\/1989-manu-ruys\/","url":"https:\/\/www.antillia.be\/blog\/de-zingende-ziel-der-dingen\/getuigenissen-over-nand-en-sim\/1962-1990-a-charge-et-a-decharge\/1989-manu-ruys\/","name":"1989 Manu Ruys - Raratonga","isPartOf":{"@id":"https:\/\/www.antillia.be\/blog\/#website"},"primaryImageOfPage":{"@id":"https:\/\/www.antillia.be\/blog\/de-zingende-ziel-der-dingen\/getuigenissen-over-nand-en-sim\/1962-1990-a-charge-et-a-decharge\/1989-manu-ruys\/#primaryimage"},"image":{"@id":"https:\/\/www.antillia.be\/blog\/de-zingende-ziel-der-dingen\/getuigenissen-over-nand-en-sim\/1962-1990-a-charge-et-a-decharge\/1989-manu-ruys\/#primaryimage"},"thumbnailUrl":"https:\/\/www.antillia.be\/blog\/wp-content\/uploads\/2020\/11\/Manu-2-212x300.jpg","datePublished":"2019-02-01T16:12:05+00:00","dateModified":"2020-11-23T23:06:45+00:00","breadcrumb":{"@id":"https:\/\/www.antillia.be\/blog\/de-zingende-ziel-der-dingen\/getuigenissen-over-nand-en-sim\/1962-1990-a-charge-et-a-decharge\/1989-manu-ruys\/#breadcrumb"},"inLanguage":"nl-NL","potentialAction":[{"@type":"ReadAction","target":["https:\/\/www.antillia.be\/blog\/de-zingende-ziel-der-dingen\/getuigenissen-over-nand-en-sim\/1962-1990-a-charge-et-a-decharge\/1989-manu-ruys\/"]}]},{"@type":"ImageObject","inLanguage":"nl-NL","@id":"https:\/\/www.antillia.be\/blog\/de-zingende-ziel-der-dingen\/getuigenissen-over-nand-en-sim\/1962-1990-a-charge-et-a-decharge\/1989-manu-ruys\/#primaryimage","url":"https:\/\/www.antillia.be\/blog\/wp-content\/uploads\/2020\/11\/Manu-2.jpg","contentUrl":"https:\/\/www.antillia.be\/blog\/wp-content\/uploads\/2020\/11\/Manu-2.jpg","width":992,"height":1403},{"@type":"BreadcrumbList","@id":"https:\/\/www.antillia.be\/blog\/de-zingende-ziel-der-dingen\/getuigenissen-over-nand-en-sim\/1962-1990-a-charge-et-a-decharge\/1989-manu-ruys\/#breadcrumb","itemListElement":[{"@type":"ListItem","position":1,"name":"Home","item":"https:\/\/www.antillia.be\/blog\/"},{"@type":"ListItem","position":2,"name":"De Zingende Ziel der Dingen","item":"https:\/\/www.antillia.be\/blog\/de-zingende-ziel-der-dingen\/"},{"@type":"ListItem","position":3,"name":"Getuigenissen over Nand en Sim","item":"https:\/\/www.antillia.be\/blog\/de-zingende-ziel-der-dingen\/getuigenissen-over-nand-en-sim\/"},{"@type":"ListItem","position":4,"name":"1906 -2019 over Nand: &#8220;\u00e0 charge et \u00e0 d\u00e9charge&#8221;&#8230;","item":"https:\/\/www.antillia.be\/blog\/de-zingende-ziel-der-dingen\/getuigenissen-over-nand-en-sim\/1962-1990-a-charge-et-a-decharge\/"},{"@type":"ListItem","position":5,"name":"1989 Manu Ruys"}]},{"@type":"WebSite","@id":"https:\/\/www.antillia.be\/blog\/#website","url":"https:\/\/www.antillia.be\/blog\/","name":"Raratonga","description":"Biografie van een liefde","potentialAction":[{"@type":"SearchAction","target":{"@type":"EntryPoint","urlTemplate":"https:\/\/www.antillia.be\/blog\/?s={search_term_string}"},"query-input":{"@type":"PropertyValueSpecification","valueRequired":true,"valueName":"search_term_string"}}],"inLanguage":"nl-NL"}]}},"jetpack_shortlink":"https:\/\/wp.me\/PbQXZk-1cf","jetpack_sharing_enabled":true,"jetpack_likes_enabled":true,"_links":{"self":[{"href":"https:\/\/www.antillia.be\/blog\/wp-json\/wp\/v2\/pages\/4603","targetHints":{"allow":["GET"]}}],"collection":[{"href":"https:\/\/www.antillia.be\/blog\/wp-json\/wp\/v2\/pages"}],"about":[{"href":"https:\/\/www.antillia.be\/blog\/wp-json\/wp\/v2\/types\/page"}],"author":[{"embeddable":true,"href":"https:\/\/www.antillia.be\/blog\/wp-json\/wp\/v2\/users\/1"}],"replies":[{"embeddable":true,"href":"https:\/\/www.antillia.be\/blog\/wp-json\/wp\/v2\/comments?post=4603"}],"version-history":[{"count":0,"href":"https:\/\/www.antillia.be\/blog\/wp-json\/wp\/v2\/pages\/4603\/revisions"}],"up":[{"embeddable":true,"href":"https:\/\/www.antillia.be\/blog\/wp-json\/wp\/v2\/pages\/1978"}],"wp:attachment":[{"href":"https:\/\/www.antillia.be\/blog\/wp-json\/wp\/v2\/media?parent=4603"}],"curies":[{"name":"wp","href":"https:\/\/api.w.org\/{rel}","templated":true}]}}