{"id":7209,"date":"2019-09-11T18:59:18","date_gmt":"2019-09-11T16:59:18","guid":{"rendered":"https:\/\/www.antillia.be\/blog\/?page_id=7209"},"modified":"2019-12-19T02:54:22","modified_gmt":"2019-12-19T01:54:22","slug":"1967-declamatorium-der-nederlandse-poezie","status":"publish","type":"page","link":"https:\/\/www.antillia.be\/blog\/de-zingende-ziel-der-dingen\/getuigenissen-over-nand-en-sim\/1962-1990-a-charge-et-a-decharge\/bloemlezingen\/1967-declamatorium-der-nederlandse-poezie\/","title":{"rendered":"1967 Declamatorium der Nederlandse Po\u00ebzie"},"content":{"rendered":"<p><a href=\"https:\/\/www.antillia.be\/blog\/wp-content\/uploads\/2019\/12\/Kerst_0001df-e1576697277368.jpg\"><img decoding=\"async\" class=\"alignnone wp-image-7628 zoooom\" src=\"https:\/\/www.antillia.be\/blog\/wp-content\/uploads\/2019\/12\/Kerst_0001df-300x211.jpg\" alt=\"\" width=\"408\" height=\"287\" \/><\/a><\/p>\n<p>Deze bloemlezing werd door <span style=\"color: #0000ff;\"><a style=\"color: #0000ff;\" href=\"https:\/\/nl.wikipedia.org\/wiki\/Teresa_Van_Marcke\" target=\"_blank\" rel=\"noopener noreferrer nofollow\">Teresa Van Marcke <\/a><\/span>\u00a0(\u00b01924) samengesteld in 1967. Van Marcke is kunstschilder, schrijfster en voordrachtkunstenares. &#8220;Ten behoeve van het onderwijs maakte ze twee, op meer dan 20.000 exemplaren verkochte, bloemlezingen uit de Nederlandse po\u00ebzie&#8221;. Er verscheen een tweede, uitgebreide druk in 1976.<br \/>\nVan Nand werd het gedicht &#8220;Kerstavond&#8221; opgenomen (p. 63):<\/p>\n<p><a href=\"https:\/\/www.antillia.be\/blog\/wp-content\/uploads\/2019\/12\/Kerst-1.jpg\"><img decoding=\"async\" class=\"alignnone size-medium wp-image-7630 zoooom\" src=\"https:\/\/www.antillia.be\/blog\/wp-content\/uploads\/2019\/12\/Kerst-1-300x284.jpg\" alt=\"\" width=\"300\" height=\"284\" srcset=\"https:\/\/www.antillia.be\/blog\/wp-content\/uploads\/2019\/12\/Kerst-1-300x284.jpg 300w, https:\/\/www.antillia.be\/blog\/wp-content\/uploads\/2019\/12\/Kerst-1-1024x970.jpg 1024w, https:\/\/www.antillia.be\/blog\/wp-content\/uploads\/2019\/12\/Kerst-1-768x727.jpg 768w, https:\/\/www.antillia.be\/blog\/wp-content\/uploads\/2019\/12\/Kerst-1.jpg 1074w\" sizes=\"(max-width: 300px) 100vw, 300px\" \/><\/a><\/p>\n<p>Kerstavond<\/p>\n<p>Dit is van het lieve jaar de liefste tijd,<br \/>\nals nachten lang zijn en zo kort de dagen,<br \/>\nsneeuwvlokken raadloos langs de ramen jagen<br \/>\nen ieder woord door scheemring wordt gewijd.<\/p>\n<p>Dan rijpt het vuur voor onze hoop bereid,<br \/>\nom huiverend een boud geluk te wagen,<br \/>\nom koen van liefde en van leven te gewagen,<br \/>\nte dromen bij de dronk der innigheid.<\/p>\n<p>Zie, de avond daalt, de stilte van te lande<br \/>\nligt wit en roerloos in de kalme maan;,<br \/>\neen koele ster komt aan ons venster staan.<\/p>\n<p>Lat nu de kaarsjes op de kerstboom branden<br \/>\nzodat hij gloeit en glinstert naast de haard<br \/>\nen in uw blik die klaar en kindlijk staart.<\/p>\n<p>&nbsp;<\/p>\n","protected":false},"excerpt":{"rendered":"<p>Deze bloemlezing werd door Teresa Van Marcke \u00a0(\u00b01924) samengesteld in 1967. Van Marcke is kunstschilder, schrijfster en voordrachtkunstenares. &#8220;Ten behoeve van het onderwijs maakte ze twee, op meer dan 20.000 exemplaren verkochte, bloemlezingen uit de Nederlandse po\u00ebzie&#8221;. Er verscheen een tweede, uitgebreide druk in 1976. Van Nand werd het gedicht &#8220;Kerstavond&#8221; opgenomen (p. 63): Kerstavond &hellip; <\/p>\n<p class=\"link-more\"><a href=\"https:\/\/www.antillia.be\/blog\/de-zingende-ziel-der-dingen\/getuigenissen-over-nand-en-sim\/1962-1990-a-charge-et-a-decharge\/bloemlezingen\/1967-declamatorium-der-nederlandse-poezie\/\" class=\"more-link\">Lees verder <span class=\"screen-reader-text\">&#8220;1967 Declamatorium der Nederlandse Po\u00ebzie&#8221;<\/span><\/a><\/p>\n","protected":false},"author":1,"featured_media":0,"parent":5900,"menu_order":231,"comment_status":"open","ping_status":"closed","template":"","meta":{"footnotes":""},"class_list":["post-7209","page","type-page","status-publish","hentry"],"yoast_head":"<!-- This site is optimized with the Yoast SEO plugin v27.4 - https:\/\/yoast.com\/product\/yoast-seo-wordpress\/ -->\n<title>1967 Declamatorium der Nederlandse Po\u00ebzie - Raratonga<\/title>\n<meta name=\"robots\" content=\"index, follow, max-snippet:-1, max-image-preview:large, max-video-preview:-1\" \/>\n<link rel=\"canonical\" href=\"https:\/\/www.antillia.be\/blog\/de-zingende-ziel-der-dingen\/getuigenissen-over-nand-en-sim\/1962-1990-a-charge-et-a-decharge\/bloemlezingen\/1967-declamatorium-der-nederlandse-poezie\/\" \/>\n<meta property=\"og:locale\" content=\"nl_NL\" \/>\n<meta property=\"og:type\" content=\"article\" \/>\n<meta property=\"og:title\" content=\"1967 Declamatorium der Nederlandse Po\u00ebzie - Raratonga\" \/>\n<meta property=\"og:description\" content=\"Deze bloemlezing werd door Teresa Van Marcke \u00a0(\u00b01924) samengesteld in 1967. Van Marcke is kunstschilder, schrijfster en voordrachtkunstenares. &#8220;Ten behoeve van het onderwijs maakte ze twee, op meer dan 20.000 exemplaren verkochte, bloemlezingen uit de Nederlandse po\u00ebzie&#8221;. Er verscheen een tweede, uitgebreide druk in 1976. Van Nand werd het gedicht &#8220;Kerstavond&#8221; opgenomen (p. 63): Kerstavond &hellip; Lees verder &quot;1967 Declamatorium der Nederlandse Po\u00ebzie&quot;\" \/>\n<meta property=\"og:url\" content=\"https:\/\/www.antillia.be\/blog\/de-zingende-ziel-der-dingen\/getuigenissen-over-nand-en-sim\/1962-1990-a-charge-et-a-decharge\/bloemlezingen\/1967-declamatorium-der-nederlandse-poezie\/\" \/>\n<meta property=\"og:site_name\" content=\"Raratonga\" \/>\n<meta property=\"article:modified_time\" content=\"2019-12-19T01:54:22+00:00\" \/>\n<meta property=\"og:image\" content=\"https:\/\/www.antillia.be\/blog\/wp-content\/uploads\/2019\/12\/Kerst_0001df-300x211.jpg\" \/>\n<meta name=\"twitter:card\" content=\"summary_large_image\" \/>\n<meta name=\"twitter:label1\" content=\"Geschatte leestijd\" \/>\n\t<meta name=\"twitter:data1\" content=\"1 minuut\" \/>\n<script type=\"application\/ld+json\" class=\"yoast-schema-graph\">{\"@context\":\"https:\\\/\\\/schema.org\",\"@graph\":[{\"@type\":\"WebPage\",\"@id\":\"https:\\\/\\\/www.antillia.be\\\/blog\\\/de-zingende-ziel-der-dingen\\\/getuigenissen-over-nand-en-sim\\\/1962-1990-a-charge-et-a-decharge\\\/bloemlezingen\\\/1967-declamatorium-der-nederlandse-poezie\\\/\",\"url\":\"https:\\\/\\\/www.antillia.be\\\/blog\\\/de-zingende-ziel-der-dingen\\\/getuigenissen-over-nand-en-sim\\\/1962-1990-a-charge-et-a-decharge\\\/bloemlezingen\\\/1967-declamatorium-der-nederlandse-poezie\\\/\",\"name\":\"1967 Declamatorium der Nederlandse Po\u00ebzie - Raratonga\",\"isPartOf\":{\"@id\":\"https:\\\/\\\/www.antillia.be\\\/blog\\\/#website\"},\"primaryImageOfPage\":{\"@id\":\"https:\\\/\\\/www.antillia.be\\\/blog\\\/de-zingende-ziel-der-dingen\\\/getuigenissen-over-nand-en-sim\\\/1962-1990-a-charge-et-a-decharge\\\/bloemlezingen\\\/1967-declamatorium-der-nederlandse-poezie\\\/#primaryimage\"},\"image\":{\"@id\":\"https:\\\/\\\/www.antillia.be\\\/blog\\\/de-zingende-ziel-der-dingen\\\/getuigenissen-over-nand-en-sim\\\/1962-1990-a-charge-et-a-decharge\\\/bloemlezingen\\\/1967-declamatorium-der-nederlandse-poezie\\\/#primaryimage\"},\"thumbnailUrl\":\"https:\\\/\\\/www.antillia.be\\\/blog\\\/wp-content\\\/uploads\\\/2019\\\/12\\\/Kerst_0001df-300x211.jpg\",\"datePublished\":\"2019-09-11T16:59:18+00:00\",\"dateModified\":\"2019-12-19T01:54:22+00:00\",\"breadcrumb\":{\"@id\":\"https:\\\/\\\/www.antillia.be\\\/blog\\\/de-zingende-ziel-der-dingen\\\/getuigenissen-over-nand-en-sim\\\/1962-1990-a-charge-et-a-decharge\\\/bloemlezingen\\\/1967-declamatorium-der-nederlandse-poezie\\\/#breadcrumb\"},\"inLanguage\":\"nl-NL\",\"potentialAction\":[{\"@type\":\"ReadAction\",\"target\":[\"https:\\\/\\\/www.antillia.be\\\/blog\\\/de-zingende-ziel-der-dingen\\\/getuigenissen-over-nand-en-sim\\\/1962-1990-a-charge-et-a-decharge\\\/bloemlezingen\\\/1967-declamatorium-der-nederlandse-poezie\\\/\"]}]},{\"@type\":\"ImageObject\",\"inLanguage\":\"nl-NL\",\"@id\":\"https:\\\/\\\/www.antillia.be\\\/blog\\\/de-zingende-ziel-der-dingen\\\/getuigenissen-over-nand-en-sim\\\/1962-1990-a-charge-et-a-decharge\\\/bloemlezingen\\\/1967-declamatorium-der-nederlandse-poezie\\\/#primaryimage\",\"url\":\"https:\\\/\\\/www.antillia.be\\\/blog\\\/wp-content\\\/uploads\\\/2019\\\/12\\\/Kerst_0001df-300x211.jpg\",\"contentUrl\":\"https:\\\/\\\/www.antillia.be\\\/blog\\\/wp-content\\\/uploads\\\/2019\\\/12\\\/Kerst_0001df-300x211.jpg\"},{\"@type\":\"BreadcrumbList\",\"@id\":\"https:\\\/\\\/www.antillia.be\\\/blog\\\/de-zingende-ziel-der-dingen\\\/getuigenissen-over-nand-en-sim\\\/1962-1990-a-charge-et-a-decharge\\\/bloemlezingen\\\/1967-declamatorium-der-nederlandse-poezie\\\/#breadcrumb\",\"itemListElement\":[{\"@type\":\"ListItem\",\"position\":1,\"name\":\"Home\",\"item\":\"https:\\\/\\\/www.antillia.be\\\/blog\\\/\"},{\"@type\":\"ListItem\",\"position\":2,\"name\":\"De Zingende Ziel der Dingen\",\"item\":\"https:\\\/\\\/www.antillia.be\\\/blog\\\/de-zingende-ziel-der-dingen\\\/\"},{\"@type\":\"ListItem\",\"position\":3,\"name\":\"Getuigenissen over Nand en Sim\",\"item\":\"https:\\\/\\\/www.antillia.be\\\/blog\\\/de-zingende-ziel-der-dingen\\\/getuigenissen-over-nand-en-sim\\\/\"},{\"@type\":\"ListItem\",\"position\":4,\"name\":\"1906 -2019 over Nand: &#8220;\u00e0 charge et \u00e0 d\u00e9charge&#8221;&#8230;\",\"item\":\"https:\\\/\\\/www.antillia.be\\\/blog\\\/de-zingende-ziel-der-dingen\\\/getuigenissen-over-nand-en-sim\\\/1962-1990-a-charge-et-a-decharge\\\/\"},{\"@type\":\"ListItem\",\"position\":5,\"name\":\"Bloemlezingen online\\\/offline\",\"item\":\"https:\\\/\\\/www.antillia.be\\\/blog\\\/de-zingende-ziel-der-dingen\\\/getuigenissen-over-nand-en-sim\\\/1962-1990-a-charge-et-a-decharge\\\/bloemlezingen\\\/\"},{\"@type\":\"ListItem\",\"position\":6,\"name\":\"1967 Declamatorium der Nederlandse Po\u00ebzie\"}]},{\"@type\":\"WebSite\",\"@id\":\"https:\\\/\\\/www.antillia.be\\\/blog\\\/#website\",\"url\":\"https:\\\/\\\/www.antillia.be\\\/blog\\\/\",\"name\":\"Raratonga\",\"description\":\"Biografie van een liefde\",\"potentialAction\":[{\"@type\":\"SearchAction\",\"target\":{\"@type\":\"EntryPoint\",\"urlTemplate\":\"https:\\\/\\\/www.antillia.be\\\/blog\\\/?s={search_term_string}\"},\"query-input\":{\"@type\":\"PropertyValueSpecification\",\"valueRequired\":true,\"valueName\":\"search_term_string\"}}],\"inLanguage\":\"nl-NL\"}]}<\/script>\n<!-- \/ Yoast SEO plugin. -->","yoast_head_json":{"title":"1967 Declamatorium der Nederlandse Po\u00ebzie - Raratonga","robots":{"index":"index","follow":"follow","max-snippet":"max-snippet:-1","max-image-preview":"max-image-preview:large","max-video-preview":"max-video-preview:-1"},"canonical":"https:\/\/www.antillia.be\/blog\/de-zingende-ziel-der-dingen\/getuigenissen-over-nand-en-sim\/1962-1990-a-charge-et-a-decharge\/bloemlezingen\/1967-declamatorium-der-nederlandse-poezie\/","og_locale":"nl_NL","og_type":"article","og_title":"1967 Declamatorium der Nederlandse Po\u00ebzie - Raratonga","og_description":"Deze bloemlezing werd door Teresa Van Marcke \u00a0(\u00b01924) samengesteld in 1967. Van Marcke is kunstschilder, schrijfster en voordrachtkunstenares. &#8220;Ten behoeve van het onderwijs maakte ze twee, op meer dan 20.000 exemplaren verkochte, bloemlezingen uit de Nederlandse po\u00ebzie&#8221;. Er verscheen een tweede, uitgebreide druk in 1976. Van Nand werd het gedicht &#8220;Kerstavond&#8221; opgenomen (p. 63): Kerstavond &hellip; Lees verder \"1967 Declamatorium der Nederlandse Po\u00ebzie\"","og_url":"https:\/\/www.antillia.be\/blog\/de-zingende-ziel-der-dingen\/getuigenissen-over-nand-en-sim\/1962-1990-a-charge-et-a-decharge\/bloemlezingen\/1967-declamatorium-der-nederlandse-poezie\/","og_site_name":"Raratonga","article_modified_time":"2019-12-19T01:54:22+00:00","og_image":[{"url":"https:\/\/www.antillia.be\/blog\/wp-content\/uploads\/2019\/12\/Kerst_0001df-300x211.jpg","type":"","width":"","height":""}],"twitter_card":"summary_large_image","twitter_misc":{"Geschatte leestijd":"1 minuut"},"schema":{"@context":"https:\/\/schema.org","@graph":[{"@type":"WebPage","@id":"https:\/\/www.antillia.be\/blog\/de-zingende-ziel-der-dingen\/getuigenissen-over-nand-en-sim\/1962-1990-a-charge-et-a-decharge\/bloemlezingen\/1967-declamatorium-der-nederlandse-poezie\/","url":"https:\/\/www.antillia.be\/blog\/de-zingende-ziel-der-dingen\/getuigenissen-over-nand-en-sim\/1962-1990-a-charge-et-a-decharge\/bloemlezingen\/1967-declamatorium-der-nederlandse-poezie\/","name":"1967 Declamatorium der Nederlandse Po\u00ebzie - Raratonga","isPartOf":{"@id":"https:\/\/www.antillia.be\/blog\/#website"},"primaryImageOfPage":{"@id":"https:\/\/www.antillia.be\/blog\/de-zingende-ziel-der-dingen\/getuigenissen-over-nand-en-sim\/1962-1990-a-charge-et-a-decharge\/bloemlezingen\/1967-declamatorium-der-nederlandse-poezie\/#primaryimage"},"image":{"@id":"https:\/\/www.antillia.be\/blog\/de-zingende-ziel-der-dingen\/getuigenissen-over-nand-en-sim\/1962-1990-a-charge-et-a-decharge\/bloemlezingen\/1967-declamatorium-der-nederlandse-poezie\/#primaryimage"},"thumbnailUrl":"https:\/\/www.antillia.be\/blog\/wp-content\/uploads\/2019\/12\/Kerst_0001df-300x211.jpg","datePublished":"2019-09-11T16:59:18+00:00","dateModified":"2019-12-19T01:54:22+00:00","breadcrumb":{"@id":"https:\/\/www.antillia.be\/blog\/de-zingende-ziel-der-dingen\/getuigenissen-over-nand-en-sim\/1962-1990-a-charge-et-a-decharge\/bloemlezingen\/1967-declamatorium-der-nederlandse-poezie\/#breadcrumb"},"inLanguage":"nl-NL","potentialAction":[{"@type":"ReadAction","target":["https:\/\/www.antillia.be\/blog\/de-zingende-ziel-der-dingen\/getuigenissen-over-nand-en-sim\/1962-1990-a-charge-et-a-decharge\/bloemlezingen\/1967-declamatorium-der-nederlandse-poezie\/"]}]},{"@type":"ImageObject","inLanguage":"nl-NL","@id":"https:\/\/www.antillia.be\/blog\/de-zingende-ziel-der-dingen\/getuigenissen-over-nand-en-sim\/1962-1990-a-charge-et-a-decharge\/bloemlezingen\/1967-declamatorium-der-nederlandse-poezie\/#primaryimage","url":"https:\/\/www.antillia.be\/blog\/wp-content\/uploads\/2019\/12\/Kerst_0001df-300x211.jpg","contentUrl":"https:\/\/www.antillia.be\/blog\/wp-content\/uploads\/2019\/12\/Kerst_0001df-300x211.jpg"},{"@type":"BreadcrumbList","@id":"https:\/\/www.antillia.be\/blog\/de-zingende-ziel-der-dingen\/getuigenissen-over-nand-en-sim\/1962-1990-a-charge-et-a-decharge\/bloemlezingen\/1967-declamatorium-der-nederlandse-poezie\/#breadcrumb","itemListElement":[{"@type":"ListItem","position":1,"name":"Home","item":"https:\/\/www.antillia.be\/blog\/"},{"@type":"ListItem","position":2,"name":"De Zingende Ziel der Dingen","item":"https:\/\/www.antillia.be\/blog\/de-zingende-ziel-der-dingen\/"},{"@type":"ListItem","position":3,"name":"Getuigenissen over Nand en Sim","item":"https:\/\/www.antillia.be\/blog\/de-zingende-ziel-der-dingen\/getuigenissen-over-nand-en-sim\/"},{"@type":"ListItem","position":4,"name":"1906 -2019 over Nand: &#8220;\u00e0 charge et \u00e0 d\u00e9charge&#8221;&#8230;","item":"https:\/\/www.antillia.be\/blog\/de-zingende-ziel-der-dingen\/getuigenissen-over-nand-en-sim\/1962-1990-a-charge-et-a-decharge\/"},{"@type":"ListItem","position":5,"name":"Bloemlezingen online\/offline","item":"https:\/\/www.antillia.be\/blog\/de-zingende-ziel-der-dingen\/getuigenissen-over-nand-en-sim\/1962-1990-a-charge-et-a-decharge\/bloemlezingen\/"},{"@type":"ListItem","position":6,"name":"1967 Declamatorium der Nederlandse Po\u00ebzie"}]},{"@type":"WebSite","@id":"https:\/\/www.antillia.be\/blog\/#website","url":"https:\/\/www.antillia.be\/blog\/","name":"Raratonga","description":"Biografie van een liefde","potentialAction":[{"@type":"SearchAction","target":{"@type":"EntryPoint","urlTemplate":"https:\/\/www.antillia.be\/blog\/?s={search_term_string}"},"query-input":{"@type":"PropertyValueSpecification","valueRequired":true,"valueName":"search_term_string"}}],"inLanguage":"nl-NL"}]}},"jetpack_shortlink":"https:\/\/wp.me\/PbQXZk-1Sh","jetpack_sharing_enabled":true,"jetpack_likes_enabled":true,"_links":{"self":[{"href":"https:\/\/www.antillia.be\/blog\/wp-json\/wp\/v2\/pages\/7209","targetHints":{"allow":["GET"]}}],"collection":[{"href":"https:\/\/www.antillia.be\/blog\/wp-json\/wp\/v2\/pages"}],"about":[{"href":"https:\/\/www.antillia.be\/blog\/wp-json\/wp\/v2\/types\/page"}],"author":[{"embeddable":true,"href":"https:\/\/www.antillia.be\/blog\/wp-json\/wp\/v2\/users\/1"}],"replies":[{"embeddable":true,"href":"https:\/\/www.antillia.be\/blog\/wp-json\/wp\/v2\/comments?post=7209"}],"version-history":[{"count":0,"href":"https:\/\/www.antillia.be\/blog\/wp-json\/wp\/v2\/pages\/7209\/revisions"}],"up":[{"embeddable":true,"href":"https:\/\/www.antillia.be\/blog\/wp-json\/wp\/v2\/pages\/5900"}],"wp:attachment":[{"href":"https:\/\/www.antillia.be\/blog\/wp-json\/wp\/v2\/media?parent=7209"}],"curies":[{"name":"wp","href":"https:\/\/api.w.org\/{rel}","templated":true}]}}